17 - m = 0, -8 = 4*v. What is the greatest common factor of t and 6?
6
Let x be (-4)/(-12) - (-1166)/(-6). Let b = x + 296. Let o be b/(-4)*2/(-3). What is the highest common factor of o and 119?
17
Let r(k) = -15*k**3 - 3*k**2 - k. Let q be 8/(-20) + (-24)/15. Let x be r(q). What is the greatest common divisor of x and 10?
10
Let j(y) = 2*y**2 - 2. Let t(o) = o**2 - 6*o - 11. Let g be t(8). Let c be j(g). Calculate the highest common factor of c and 32.
16
Suppose 41 = 5*f - p - p, -5*f + 4*p + 47 = 0. Let g(u) = u**3 + 2*u**2 + u - 1. Let v be g(-2). Let t = f - v. Calculate the highest common factor of 90 and t.
10
Let k = 6 - 6. Suppose k = h - 5*z + 2, -7*z + 41 = 2*h - 2*z. Calculate the greatest common factor of 13 and h.
13
Suppose 0 = 3*d - 0*g + 2*g - 48, 2*d - 24 = -4*g. Calculate the greatest common divisor of 9 and d.
9
Let s be -14*(0 - 2)/2. Suppose s = 3*j - 2*j. Let d(p) = 2*p**2 - 3*p + 7. Let f be d(5). Calculate the greatest common factor of j and f.
14
Let n(u) = -4*u - 39. Let j(s) = -s - 13. Let r(a) = -17*j(a) + 6*n(a). Let q be r(-11). Calculate the greatest common divisor of q and 160.
32
Suppose c - 1 = 4*u, -6 = -3*c + 3*u - 21. Let q = 29 - c. Suppose -20 + 8 = -v. What is the highest common divisor of v and q?
12
Let z = -111 + 114. Let h = -49 + 82. Calculate the greatest common factor of h and z.
3
Let h be (4/10)/(2/40). Suppose 0 = -7*z + 3*z + 64. What is the greatest common factor of h and z?
8
Suppose 4*a - 16 - 8 = 0. Let l be (-12)/(-3) + (3 - 5). What is the greatest common divisor of l and a?
2
Let j(l) = -2*l - 4*l**2 + 7*l + 1 + 3*l**2 - 2*l. Let g be j(3). Calculate the highest common divisor of 3 and g.
1
Suppose -f = 8*f - 306. What is the highest common divisor of f and 17?
17
Let f be (34/(-4) + 0)*-2. Suppose -1 - 8 = -5*m + w, -5*m = -3*w - f. What is the highest common divisor of m and 11?
1
Let g = 0 + 14. What is the greatest common divisor of g and 14?
14
Let t = 4 - 8. Let d = t + 18. What is the greatest common factor of 126 and d?
14
Suppose -4*a - 4*b + 2*b = -140, 152 = 4*a + 5*b. Suppose 5*h - a = -5*v + 2*v, -4*h + 56 = -5*v. What is the highest common divisor of h and 3?
3
Let v = 176 + 13. Calculate the greatest common divisor of 27 and v.
27
Let j(q) = -5*q**2 - 4*q - 2. Let x be 2 + -3 - (1 + 1). Let z be j(x). Let m = -1 - z. Calculate the greatest common factor of m and 17.
17
Let u(p) = -p + 4. Let b be u(-12). Let k be 1 + (-2 - (0 + 0)). Let g(j) = -49*j**3 + 2*j + 1. Let o be g(k). What is the highest common factor of b and o?
16
Suppose -4*p = -3*g + 98, 0 = g - 3*g + 3*p + 64. Let u = g - 20. Let h be -5*(-4 + 3) + (-4)/(-1). Calculate the greatest common divisor of u and h.
9
Let s = 12 + -21. Let m(h) = h**2 + 7*h - 9. Let u be m(s). What is the highest common factor of 18 and u?
9
Let g(o) = 10*o**2 + 5*o - 5. Suppose -5*j - 14 = -12*j. Let u be g(j). Calculate the highest common divisor of u and 30.
15
Let d be 6/32*4*12. Let f(o) = -o**2 + o + 1. Let b be f(1). Calculate the highest common divisor of d and b.
1
Suppose 0 = -4*r + 8*r - 416. What is the highest common factor of 26 and r?
26
Let i be 6*4 - (-2 - -4). Suppose 5*x - 19 = -2*s, 9 = -3*x + 6*x. Calculate the highest common factor of s and i.
2
Let h(o) = -2*o**3 - o**2 + o. Let t be h(1). Let w(r) = 2*r**2 + 7*r + 1. Let f be w(-7). Let g be t/8 - f/(-8). What is the highest common factor of 24 and g?
6
Let r = 30 - 25. Calculate the greatest common factor of 5 and r.
5
Let r be 36 - (1 + 2) - -2. Calculate the highest common factor of r and 28.
7
Suppose -2*p + 3*i = -p - 15, -p = -4*i - 17. Let s = -16 - -22. Let g(u) = -u**2 + 8*u + 6. Let z be g(s). What is the greatest common factor of z and p?
9
Suppose -4 = -3*k - 1. Let u be k/2 - 3/(-6). Let o be 4 - 4 - (-46 + u). What is the highest common divisor of o and 5?
5
Let v = 30 - 11. Let z(r) = -r**3 - 4*r**2 + r + 1. Let f be z(-4). Let o be (58 + -1)/((-1)/f). Calculate the greatest common factor of v and o.
19
Suppose -9*d + 126 = -6*d. What is the greatest common divisor of d and 56?
14
Let o(b) = b**2 + 9*b + 6. Let q be o(-7). Let w = 16 - 18. Let j be (-79)/w + (-4)/q. Calculate the highest common factor of j and 8.
8
Let b be 2 - 1*(-15 + 2 + -1). Calculate the highest common factor of 16 and b.
16
Let t(u) = -23*u - 22. Let s be t(-6). Calculate the highest common divisor of 290 and s.
58
Let i(x) = x**3 + 4*x**2 - x. Let a be i(-2). Let u be 4*(4 - (-14)/(-4)). Calculate the highest common divisor of u and a.
2
Let o(m) = 44*m**2 - 2*m - 2. Let w be o(3). Suppose -4*v - 108 + w = 0. What is the greatest common factor of 14 and v?
14
Let t = 2 - -17. Suppose -5*x + 111 + t = 0. Suppose -52 = -5*y + y. Calculate the greatest common factor of y and x.
13
Let q(r) = 4*r**2 + 2*r + 1. Let n be q(6). Suppose -n = -5*b - 47. Let l be (2 + 31)/(-1 + 2). Calculate the highest common factor of b and l.
11
Let y = 112 + -109. What is the greatest common divisor of y and 12?
3
Suppose 52 = 3*f - 110. Suppose 0*i - k = -i + 3, 0 = -3*i - 5*k + 1. Suppose -i*o = 3*o - 90. Calculate the highest common factor of f and o.
18
Let o(k) be the first derivative of 9*k**2 - k - 1. Let w be o(1). Calculate the greatest common factor of w and 68.
17
Let v(s) = -3*s + 10. Let i be v(-8). What is the greatest common factor of 238 and i?
34
Let m be (-596)/(-6)*1 + (-3)/9. Calculate the highest common divisor of 11 and m.
11
Let i(g) = -g**3 - 8*g**2 - g + 10. Let k be i(-7). Let v be -3*(k/6)/1. What is the greatest common factor of v and 48?
16
Let j be (-4)/(-5)*(-270)/(-12). Let q be j/3 + -2 + -3. What is the greatest common factor of q and 5?
1
Let g be ((-15 - 3/1) + -3)/(-1). What is the highest common factor of 42 and g?
21
Suppose 0 = -7*l + 9*l - 32. What is the greatest common divisor of 112 and l?
16
Suppose 2*k + 35 = -v + 176, 4*k - 12 = 0. Calculate the greatest common factor of v and 27.
27
Suppose 11*f = -4*f + 150. What is the greatest common factor of 4 and f?
2
Let o be (1 - 0)*7 + 5/5. What is the highest common factor of 56 and o?
8
Let j = 10 + -9. Let i(w) = w + 12. Let c be i(-9). Calculate the greatest common factor of c and j.
1
Suppose 4*q - 1429 = -5*b, -b + 7 = 2. Suppose -2*s + q = s. Calculate the greatest common divisor of s and 13.
13
Suppose 3*f - 23 = 22. Let r(u) = u**3 + 3*u**2 - 6*u - 2. Let d(t) = t - 4. Let q be d(0). Let l be r(q). What is the greatest common factor of l and f?
3
Let j(d) = -d**3 + 8*d**2 + 1. Let a be j(8). Let f(r) = 13*r**3 - 2*r + 1. Let u be f(a). Calculate the highest common divisor of u and 30.
6
Let m be (-22)/(-4) + (-2)/4. Let c = 9 - 4. Suppose -c*f = -f - 160. Calculate the greatest common divisor of f and m.
5
Suppose -c + 368 = c. Calculate the highest common factor of c and 23.
23
Let o(k) = 90*k - 2. Let q be o(1). Calculate the greatest common factor of q and 11.
11
Suppose 2*y - 54 = -3*w, -y + 4*y - 9 = 0. What is the greatest common divisor of w and 24?
8
Let l = -10 - -15. Suppose -7*a + 45 = -2*a + l*c, c - 21 = -3*a. Let x be 1360/45 - (-2)/(-9). What is the greatest common divisor of a and x?
6
Suppose 2*r - 3*g = 198, -4*g + 274 = 5*r - 175. Suppose -3*m + 491 = 5*a + r, -4*m = -a - 546. Let b = -32 - -49. What is the highest common factor of m and b?
17
Suppose 2*u = -3*g + 30, u - 5*u + 48 = 3*g. Calculate the highest common factor of u and 18.
9
Let a = -143 - -171. Calculate the highest common divisor of a and 7.
7
Let g(f) = -12*f + 1. Let m be g(3). Let x be m/(-2)*(2 - 0). Calculate the highest common factor of x and 14.
7
Let x(c) = -23 - 11*c**2 + 2*c**3 + 13*c - c**3 + 8. Let k be x(10). Suppose -3*h + 53 = 8. What is the greatest common divisor of k and h?
15
Let d(p) = -3*p - 2. Let u be d(-3). Calculate the greatest common divisor of u and 63.
7
Suppose -16*w - 4 = -17*w. What is the greatest common factor of w and 32?
4
Let o = 6 + -5. Calculate the highest common divisor of 2 and o.
1
Suppose 5*z - 25 = 0, -2*o = -3*z - 2*z + 3. What is the highest common factor of 11 and o?
11
Suppose 0 = 3*f + 2*f - 800. Calculate the highest common factor of 20 and f.
20
Let h(n) = -12*n. Let j be h(-1). Suppose 2*q + 5 - 29 = 0. Calculate the greatest common factor of q and j.
